{"id":361,"date":"2023-09-04T12:20:37","date_gmt":"2023-09-04T10:20:37","guid":{"rendered":"https:\/\/clim-chauffage-colombier-saugnieu.fr\/?page_id=361"},"modified":"2023-09-12T10:25:38","modified_gmt":"2023-09-12T08:25:38","slug":"demande-de-devis","status":"publish","type":"page","link":"https:\/\/clim-chauffage-colombier-saugnieu.fr\/index.php\/demande-de-devis\/","title":{"rendered":"Demande de devis"},"content":{"rendered":"\n[et_pb_section fb_built=\u00a0\u00bb1&Prime; _builder_version=\u00a0\u00bb4.22.1&Prime; _module_preset=\u00a0\u00bbdefault\u00a0\u00bb global_colors_info=\u00a0\u00bb{}\u00a0\u00bb][et_pb_row _builder_version=\u00a0\u00bb4.22.1&Prime; _module_preset=\u00a0\u00bbdefault\u00a0\u00bb global_colors_info=\u00a0\u00bb{}\u00a0\u00bb][et_pb_column type=\u00a0\u00bb4_4&Prime; _builder_version=\u00a0\u00bb4.22.1&Prime; _module_preset=\u00a0\u00bbdefault\u00a0\u00bb global_colors_info=\u00a0\u00bb{}\u00a0\u00bb][et_pb_text _builder_version=\u00a0\u00bb4.22.1&Prime; _module_preset=\u00a0\u00bbdefault\u00a0\u00bb text_font=\u00a0\u00bbOswald|700|||||||\u00a0\u00bb text_text_color=\u00a0\u00bb#000000&Prime; text_font_size=\u00a0\u00bb80px\u00a0\u00bb global_colors_info=\u00a0\u00bb{}\u00a0\u00bb]<p style=\"text-align: center;\">DEMANDE DE DEVIS<\/p>[\/et_pb_text][\/et_pb_column][\/et_pb_row][et_pb_row _builder_version=\u00a0\u00bb4.22.1&Prime; _module_preset=\u00a0\u00bbdefault\u00a0\u00bb background_color=\u00a0\u00bb#005EAA\u00a0\u00bb custom_margin=\u00a0\u00bb40px||||false|false\u00a0\u00bb border_width_top=\u00a0\u00bb50px\u00a0\u00bb border_color_top=\u00a0\u00bb#005EAA\u00a0\u00bb border_width_right=\u00a0\u00bb50px\u00a0\u00bb border_color_right=\u00a0\u00bb#005EAA\u00a0\u00bb border_width_left=\u00a0\u00bb50px\u00a0\u00bb border_color_left=\u00a0\u00bb#005EAA\u00a0\u00bb global_colors_info=\u00a0\u00bb{}\u00a0\u00bb][et_pb_column type=\u00a0\u00bb4_4&Prime; _builder_version=\u00a0\u00bb4.22.1&Prime; _module_preset=\u00a0\u00bbdefault\u00a0\u00bb global_colors_info=\u00a0\u00bb{}\u00a0\u00bb][et_pb_contact_form email=\u00a0\u00bbrchauffage@gmail.com\u00a0\u00bb _builder_version=\u00a0\u00bb4.22.1&Prime; _module_preset=\u00a0\u00bbdefault\u00a0\u00bb _unique_id=\u00a0\u00bb52c801a5-75f4-4b46-a022-b8b2b560c281&Prime; captcha_text_color=\u00a0\u00bb#FFFFFF\u00a0\u00bb background_color=\u00a0\u00bb#005EAA\u00a0\u00bb custom_button=\u00a0\u00bbon\u00a0\u00bb button_text_color=\u00a0\u00bb#FCCF0C\u00a0\u00bb hover_enabled=\u00a0\u00bb0&Prime; global_colors_info=\u00a0\u00bb{}\u00a0\u00bb sticky_enabled=\u00a0\u00bb0&Prime;][et_pb_contact_field field_id=\u00a0\u00bbName\u00a0\u00bb field_title=\u00a0\u00bbNom &#038; Pr\u00e9nom\u00a0\u00bb _builder_version=\u00a0\u00bb4.22.1&Prime; global_colors_info=\u00a0\u00bb{}\u00a0\u00bb button_text_size__hover_enabled=\u00a0\u00bboff\u00a0\u00bb button_one_text_size__hover_enabled=\u00a0\u00bboff\u00a0\u00bb button_two_text_size__hover_enabled=\u00a0\u00bboff\u00a0\u00bb button_text_color__hover_enabled=\u00a0\u00bboff\u00a0\u00bb button_one_text_color__hover_enabled=\u00a0\u00bboff\u00a0\u00bb button_two_text_color__hover_enabled=\u00a0\u00bboff\u00a0\u00bb button_border_width__hover_enabled=\u00a0\u00bboff\u00a0\u00bb button_one_border_width__hover_enabled=\u00a0\u00bboff\u00a0\u00bb button_two_border_width__hover_enabled=\u00a0\u00bboff\u00a0\u00bb button_border_color__hover_enabled=\u00a0\u00bboff\u00a0\u00bb button_one_border_color__hover_enabled=\u00a0\u00bboff\u00a0\u00bb button_two_border_color__hover_enabled=\u00a0\u00bboff\u00a0\u00bb button_border_radius__hover_enabled=\u00a0\u00bboff\u00a0\u00bb button_one_border_radius__hover_enabled=\u00a0\u00bboff\u00a0\u00bb button_two_border_radius__hover_enabled=\u00a0\u00bboff\u00a0\u00bb button_letter_spacing__hover_enabled=\u00a0\u00bboff\u00a0\u00bb button_one_letter_spacing__hover_enabled=\u00a0\u00bboff\u00a0\u00bb button_two_letter_spacing__hover_enabled=\u00a0\u00bboff\u00a0\u00bb button_bg_color__hover_enabled=\u00a0\u00bboff\u00a0\u00bb button_one_bg_color__hover_enabled=\u00a0\u00bboff\u00a0\u00bb button_two_bg_color__hover_enabled=\u00a0\u00bboff\u00a0\u00bb][\/et_pb_contact_field][et_pb_contact_field field_id=\u00a0\u00bbEmail\u00a0\u00bb field_title=\u00a0\u00bbAdresse e-mail\u00a0\u00bb field_type=\u00a0\u00bbemail\u00a0\u00bb _builder_version=\u00a0\u00bb4.16&Prime; global_colors_info=\u00a0\u00bb{}\u00a0\u00bb button_text_size__hover_enabled=\u00a0\u00bboff\u00a0\u00bb button_one_text_size__hover_enabled=\u00a0\u00bboff\u00a0\u00bb button_two_text_size__hover_enabled=\u00a0\u00bboff\u00a0\u00bb button_text_color__hover_enabled=\u00a0\u00bboff\u00a0\u00bb button_one_text_color__hover_enabled=\u00a0\u00bboff\u00a0\u00bb button_two_text_color__hover_enabled=\u00a0\u00bboff\u00a0\u00bb button_border_width__hover_enabled=\u00a0\u00bboff\u00a0\u00bb button_one_border_width__hover_enabled=\u00a0\u00bboff\u00a0\u00bb button_two_border_width__hover_enabled=\u00a0\u00bboff\u00a0\u00bb button_border_color__hover_enabled=\u00a0\u00bboff\u00a0\u00bb button_one_border_color__hover_enabled=\u00a0\u00bboff\u00a0\u00bb button_two_border_color__hover_enabled=\u00a0\u00bboff\u00a0\u00bb button_border_radius__hover_enabled=\u00a0\u00bboff\u00a0\u00bb button_one_border_radius__hover_enabled=\u00a0\u00bboff\u00a0\u00bb button_two_border_radius__hover_enabled=\u00a0\u00bboff\u00a0\u00bb button_letter_spacing__hover_enabled=\u00a0\u00bboff\u00a0\u00bb button_one_letter_spacing__hover_enabled=\u00a0\u00bboff\u00a0\u00bb button_two_letter_spacing__hover_enabled=\u00a0\u00bboff\u00a0\u00bb button_bg_color__hover_enabled=\u00a0\u00bboff\u00a0\u00bb button_one_bg_color__hover_enabled=\u00a0\u00bboff\u00a0\u00bb button_two_bg_color__hover_enabled=\u00a0\u00bboff\u00a0\u00bb][\/et_pb_contact_field][et_pb_contact_field field_id=\u00a0\u00bbAdresse_postale\u00a0\u00bb field_title=\u00a0\u00bbAdresse postale\u00a0\u00bb fullwidth_field=\u00a0\u00bbon\u00a0\u00bb _builder_version=\u00a0\u00bb4.22.1&Prime; _module_preset=\u00a0\u00bbdefault\u00a0\u00bb global_colors_info=\u00a0\u00bb{}\u00a0\u00bb][\/et_pb_contact_field][et_pb_contact_field field_id=\u00a0\u00bbT\u00e9l\u00e9phone\u00a0\u00bb field_title=\u00a0\u00bbT\u00e9l\u00e9phone\u00a0\u00bb fullwidth_field=\u00a0\u00bbon\u00a0\u00bb _builder_version=\u00a0\u00bb4.22.1&Prime; _module_preset=\u00a0\u00bbdefault\u00a0\u00bb global_colors_info=\u00a0\u00bb{}\u00a0\u00bb][\/et_pb_contact_field][et_pb_contact_field field_id=\u00a0\u00bbMessage\u00a0\u00bb field_title=\u00a0\u00bbQuelles sont vos envies ? Dites nous tout !\u00a0\u00bb field_type=\u00a0\u00bbtext\u00a0\u00bb fullwidth_field=\u00a0\u00bbon\u00a0\u00bb _builder_version=\u00a0\u00bb4.22.1&Prime; global_colors_info=\u00a0\u00bb{}\u00a0\u00bb button_text_size__hover_enabled=\u00a0\u00bboff\u00a0\u00bb button_one_text_size__hover_enabled=\u00a0\u00bboff\u00a0\u00bb button_two_text_size__hover_enabled=\u00a0\u00bboff\u00a0\u00bb button_text_color__hover_enabled=\u00a0\u00bboff\u00a0\u00bb button_one_text_color__hover_enabled=\u00a0\u00bboff\u00a0\u00bb button_two_text_color__hover_enabled=\u00a0\u00bboff\u00a0\u00bb button_border_width__hover_enabled=\u00a0\u00bboff\u00a0\u00bb button_one_border_width__hover_enabled=\u00a0\u00bboff\u00a0\u00bb button_two_border_width__hover_enabled=\u00a0\u00bboff\u00a0\u00bb button_border_color__hover_enabled=\u00a0\u00bboff\u00a0\u00bb button_one_border_color__hover_enabled=\u00a0\u00bboff\u00a0\u00bb button_two_border_color__hover_enabled=\u00a0\u00bboff\u00a0\u00bb button_border_radius__hover_enabled=\u00a0\u00bboff\u00a0\u00bb button_one_border_radius__hover_enabled=\u00a0\u00bboff\u00a0\u00bb button_two_border_radius__hover_enabled=\u00a0\u00bboff\u00a0\u00bb button_letter_spacing__hover_enabled=\u00a0\u00bboff\u00a0\u00bb button_one_letter_spacing__hover_enabled=\u00a0\u00bboff\u00a0\u00bb button_two_letter_spacing__hover_enabled=\u00a0\u00bboff\u00a0\u00bb button_bg_color__hover_enabled=\u00a0\u00bboff\u00a0\u00bb button_one_bg_color__hover_enabled=\u00a0\u00bboff\u00a0\u00bb button_two_bg_color__hover_enabled=\u00a0\u00bboff\u00a0\u00bb][\/et_pb_contact_field][\/et_pb_contact_form][\/et_pb_column][\/et_pb_row][\/et_pb_section]\n","protected":false},"excerpt":{"rendered":"<p>DEMANDE DE DEVIS<\/p>\n","protected":false},"author":1,"featured_media":0,"parent":0,"menu_order":0,"comment_status":"closed","ping_status":"closed","template":"","meta":{"_et_pb_use_builder":"on","_et_pb_old_content":"","_et_gb_content_width":"","footnotes":""},"class_list":["post-361","page","type-page","status-publish","hentry"],"yoast_head":"<!-- This site is optimized with the Yoast SEO plugin v21.9.1 - https:\/\/yoast.com\/wordpress\/plugins\/seo\/ -->\n<title>Demande de devis - Clim Chauffage Colombier-Saugnieu<\/title>\n<meta name=\"description\" content=\"R\u00e9alisez une demande de devis gratuite sur notre site pour la r\u00e9alisation de vos projets ! Plombier chauffagiste certifi\u00e9 RGE depuis 2009.\" \/>\n<meta name=\"robots\" content=\"index, follow, max-snippet:-1, max-image-preview:large, max-video-preview:-1\" \/>\n<link rel=\"canonical\" href=\"https:\/\/clim-chauffage-colombier-saugnieu.fr\/index.php\/demande-de-devis\/\" \/>\n<meta property=\"og:locale\" content=\"fr_FR\" \/>\n<meta property=\"og:type\" content=\"article\" \/>\n<meta property=\"og:title\" content=\"Demande de devis - Clim Chauffage Colombier-Saugnieu\" \/>\n<meta property=\"og:description\" content=\"R\u00e9alisez une demande de devis gratuite sur notre site pour la r\u00e9alisation de vos projets ! Plombier chauffagiste certifi\u00e9 RGE depuis 2009.\" \/>\n<meta property=\"og:url\" content=\"https:\/\/clim-chauffage-colombier-saugnieu.fr\/index.php\/demande-de-devis\/\" \/>\n<meta property=\"og:site_name\" content=\"Clim Chauffage Colombier-Saugnieu\" \/>\n<meta property=\"article:publisher\" content=\"https:\/\/www.facebook.com\/Rchauffage\" \/>\n<meta property=\"article:modified_time\" content=\"2023-09-12T08:25:38+00:00\" \/>\n<meta name=\"twitter:card\" content=\"summary_large_image\" \/>\n<meta name=\"twitter:label1\" content=\"Dur\u00e9e de lecture estim\u00e9e\" \/>\n\t<meta name=\"twitter:data1\" content=\"1 minute\" \/>\n<script type=\"application\/ld+json\" class=\"yoast-schema-graph\">{\"@context\":\"https:\/\/schema.org\",\"@graph\":[{\"@type\":\"WebPage\",\"@id\":\"https:\/\/clim-chauffage-colombier-saugnieu.fr\/index.php\/demande-de-devis\/\",\"url\":\"https:\/\/clim-chauffage-colombier-saugnieu.fr\/index.php\/demande-de-devis\/\",\"name\":\"Demande de devis - Clim Chauffage Colombier-Saugnieu\",\"isPartOf\":{\"@id\":\"https:\/\/clim-chauffage-colombier-saugnieu.fr\/#website\"},\"datePublished\":\"2023-09-04T10:20:37+00:00\",\"dateModified\":\"2023-09-12T08:25:38+00:00\",\"description\":\"R\u00e9alisez une demande de devis gratuite sur notre site pour la r\u00e9alisation de vos projets ! Plombier chauffagiste certifi\u00e9 RGE depuis 2009.\",\"breadcrumb\":{\"@id\":\"https:\/\/clim-chauffage-colombier-saugnieu.fr\/index.php\/demande-de-devis\/#breadcrumb\"},\"inLanguage\":\"fr-FR\",\"potentialAction\":[{\"@type\":\"ReadAction\",\"target\":[\"https:\/\/clim-chauffage-colombier-saugnieu.fr\/index.php\/demande-de-devis\/\"]}]},{\"@type\":\"BreadcrumbList\",\"@id\":\"https:\/\/clim-chauffage-colombier-saugnieu.fr\/index.php\/demande-de-devis\/#breadcrumb\",\"itemListElement\":[{\"@type\":\"ListItem\",\"position\":1,\"name\":\"Accueil\",\"item\":\"https:\/\/clim-chauffage-colombier-saugnieu.fr\/\"},{\"@type\":\"ListItem\",\"position\":2,\"name\":\"Demande de devis\"}]},{\"@type\":\"WebSite\",\"@id\":\"https:\/\/clim-chauffage-colombier-saugnieu.fr\/#website\",\"url\":\"https:\/\/clim-chauffage-colombier-saugnieu.fr\/\",\"name\":\"Clim Chauffage Colombier-Saugnieu\",\"description\":\"Votre plombier chauffagiste \u00e0 Colombier-Saugnieu\",\"publisher\":{\"@id\":\"https:\/\/clim-chauffage-colombier-saugnieu.fr\/#organization\"},\"potentialAction\":[{\"@type\":\"SearchAction\",\"target\":{\"@type\":\"EntryPoint\",\"urlTemplate\":\"https:\/\/clim-chauffage-colombier-saugnieu.fr\/?s={search_term_string}\"},\"query-input\":\"required name=search_term_string\"}],\"inLanguage\":\"fr-FR\"},{\"@type\":\"Organization\",\"@id\":\"https:\/\/clim-chauffage-colombier-saugnieu.fr\/#organization\",\"name\":\"Clim Chauffage Colombier-Saugnieu\",\"url\":\"https:\/\/clim-chauffage-colombier-saugnieu.fr\/\",\"logo\":{\"@type\":\"ImageObject\",\"inLanguage\":\"fr-FR\",\"@id\":\"https:\/\/clim-chauffage-colombier-saugnieu.fr\/#\/schema\/logo\/image\/\",\"url\":\"http:\/\/climchauffagecolombiersaugnieu.ovh\/wp-content\/uploads\/2023\/04\/favicon-site.png\",\"contentUrl\":\"http:\/\/climchauffagecolombiersaugnieu.ovh\/wp-content\/uploads\/2023\/04\/favicon-site.png\",\"width\":512,\"height\":512,\"caption\":\"Clim Chauffage Colombier-Saugnieu\"},\"image\":{\"@id\":\"https:\/\/clim-chauffage-colombier-saugnieu.fr\/#\/schema\/logo\/image\/\"},\"sameAs\":[\"https:\/\/www.facebook.com\/Rchauffage\",\"https:\/\/www.instagram.com\/rchauffage69800\/\"]}]}<\/script>\n<!-- \/ Yoast SEO plugin. -->","yoast_head_json":{"title":"Demande de devis - Clim Chauffage Colombier-Saugnieu","description":"R\u00e9alisez une demande de devis gratuite sur notre site pour la r\u00e9alisation de vos projets ! Plombier chauffagiste certifi\u00e9 RGE depuis 2009.","robots":{"index":"index","follow":"follow","max-snippet":"max-snippet:-1","max-image-preview":"max-image-preview:large","max-video-preview":"max-video-preview:-1"},"canonical":"https:\/\/clim-chauffage-colombier-saugnieu.fr\/index.php\/demande-de-devis\/","og_locale":"fr_FR","og_type":"article","og_title":"Demande de devis - Clim Chauffage Colombier-Saugnieu","og_description":"R\u00e9alisez une demande de devis gratuite sur notre site pour la r\u00e9alisation de vos projets ! Plombier chauffagiste certifi\u00e9 RGE depuis 2009.","og_url":"https:\/\/clim-chauffage-colombier-saugnieu.fr\/index.php\/demande-de-devis\/","og_site_name":"Clim Chauffage Colombier-Saugnieu","article_publisher":"https:\/\/www.facebook.com\/Rchauffage","article_modified_time":"2023-09-12T08:25:38+00:00","twitter_card":"summary_large_image","twitter_misc":{"Dur\u00e9e de lecture estim\u00e9e":"1 minute"},"schema":{"@context":"https:\/\/schema.org","@graph":[{"@type":"WebPage","@id":"https:\/\/clim-chauffage-colombier-saugnieu.fr\/index.php\/demande-de-devis\/","url":"https:\/\/clim-chauffage-colombier-saugnieu.fr\/index.php\/demande-de-devis\/","name":"Demande de devis - Clim Chauffage Colombier-Saugnieu","isPartOf":{"@id":"https:\/\/clim-chauffage-colombier-saugnieu.fr\/#website"},"datePublished":"2023-09-04T10:20:37+00:00","dateModified":"2023-09-12T08:25:38+00:00","description":"R\u00e9alisez une demande de devis gratuite sur notre site pour la r\u00e9alisation de vos projets ! Plombier chauffagiste certifi\u00e9 RGE depuis 2009.","breadcrumb":{"@id":"https:\/\/clim-chauffage-colombier-saugnieu.fr\/index.php\/demande-de-devis\/#breadcrumb"},"inLanguage":"fr-FR","potentialAction":[{"@type":"ReadAction","target":["https:\/\/clim-chauffage-colombier-saugnieu.fr\/index.php\/demande-de-devis\/"]}]},{"@type":"BreadcrumbList","@id":"https:\/\/clim-chauffage-colombier-saugnieu.fr\/index.php\/demande-de-devis\/#breadcrumb","itemListElement":[{"@type":"ListItem","position":1,"name":"Accueil","item":"https:\/\/clim-chauffage-colombier-saugnieu.fr\/"},{"@type":"ListItem","position":2,"name":"Demande de devis"}]},{"@type":"WebSite","@id":"https:\/\/clim-chauffage-colombier-saugnieu.fr\/#website","url":"https:\/\/clim-chauffage-colombier-saugnieu.fr\/","name":"Clim Chauffage Colombier-Saugnieu","description":"Votre plombier chauffagiste \u00e0 Colombier-Saugnieu","publisher":{"@id":"https:\/\/clim-chauffage-colombier-saugnieu.fr\/#organization"},"potentialAction":[{"@type":"SearchAction","target":{"@type":"EntryPoint","urlTemplate":"https:\/\/clim-chauffage-colombier-saugnieu.fr\/?s={search_term_string}"},"query-input":"required name=search_term_string"}],"inLanguage":"fr-FR"},{"@type":"Organization","@id":"https:\/\/clim-chauffage-colombier-saugnieu.fr\/#organization","name":"Clim Chauffage Colombier-Saugnieu","url":"https:\/\/clim-chauffage-colombier-saugnieu.fr\/","logo":{"@type":"ImageObject","inLanguage":"fr-FR","@id":"https:\/\/clim-chauffage-colombier-saugnieu.fr\/#\/schema\/logo\/image\/","url":"http:\/\/climchauffagecolombiersaugnieu.ovh\/wp-content\/uploads\/2023\/04\/favicon-site.png","contentUrl":"http:\/\/climchauffagecolombiersaugnieu.ovh\/wp-content\/uploads\/2023\/04\/favicon-site.png","width":512,"height":512,"caption":"Clim Chauffage Colombier-Saugnieu"},"image":{"@id":"https:\/\/clim-chauffage-colombier-saugnieu.fr\/#\/schema\/logo\/image\/"},"sameAs":["https:\/\/www.facebook.com\/Rchauffage","https:\/\/www.instagram.com\/rchauffage69800\/"]}]}},"_links":{"self":[{"href":"https:\/\/clim-chauffage-colombier-saugnieu.fr\/index.php\/wp-json\/wp\/v2\/pages\/361","targetHints":{"allow":["GET"]}}],"collection":[{"href":"https:\/\/clim-chauffage-colombier-saugnieu.fr\/index.php\/wp-json\/wp\/v2\/pages"}],"about":[{"href":"https:\/\/clim-chauffage-colombier-saugnieu.fr\/index.php\/wp-json\/wp\/v2\/types\/page"}],"author":[{"embeddable":true,"href":"https:\/\/clim-chauffage-colombier-saugnieu.fr\/index.php\/wp-json\/wp\/v2\/users\/1"}],"replies":[{"embeddable":true,"href":"https:\/\/clim-chauffage-colombier-saugnieu.fr\/index.php\/wp-json\/wp\/v2\/comments?post=361"}],"version-history":[{"count":6,"href":"https:\/\/clim-chauffage-colombier-saugnieu.fr\/index.php\/wp-json\/wp\/v2\/pages\/361\/revisions"}],"predecessor-version":[{"id":371,"href":"https:\/\/clim-chauffage-colombier-saugnieu.fr\/index.php\/wp-json\/wp\/v2\/pages\/361\/revisions\/371"}],"wp:attachment":[{"href":"https:\/\/clim-chauffage-colombier-saugnieu.fr\/index.php\/wp-json\/wp\/v2\/media?parent=361"}],"curies":[{"name":"wp","href":"https:\/\/api.w.org\/{rel}","templated":true}]}}